common divisor of w and 87.
29
Let h = 396 + -341. Suppose 0 = -3*d - 6, 4*d + 19 = g - 63. Suppose 3*k - 2*m = -0*m + g, 0 = -3*k - 5*m + 46. Calculate the highest common divisor of k and h.
11
Let z = 43 + -1. Suppose -5*j - 31 + 1 = 0. Let m be j/(-4)*(13 - 9). Calculate the highest common divisor of m and z.
6
Suppose 3*f = 4*j, -2*f - 2*f = -2*j. Let d = f - -5. Suppose -1 = -n, -d*k + 51 = -4*n - 665. Calculate the highest common divisor of 18 and k.
18
Let j = 1 + -5. Let o be (1 - j - -10) + (1 - 0). What is the highest common factor of o and 16?
16
Suppose 120*u = 99*u + 2310. What is the greatest common factor of u and 40?
10
Let g = 248 + 355. Let z(q) = -q**3 - 15*q**2 + 4*q + 18. Let l be z(-13). Let o = g + l. Calculate the greatest common divisor of o and 21.
21
Let j be 19/5 + (-7)/(-35). Suppose 2*v = -j*i + 32, 6 = v - i - 13. Let y be (5 + 0)*2/5. What is the greatest common divisor of y and v?
2
Let r be (114/4)/(2/12). Let f(h) = h**2 - 30*h + 65. Let j be f(28). What is the greatest common divisor of r and j?
9
Suppose -4*c = -3*n + 125, -4*n + 68*c + 208 = 73*c. Calculate the greatest common divisor of 2 and n.
1
Suppose -4*u - 7*q + 6*q + 153 = 0, -3*u + 111 = 2*q. What is the greatest common factor of u and 104?
13
Suppose -2*s - 225 = -7*s. Calculate the greatest common divisor of 27 and s.
9
Let b be (7 - (-4 - -5)) + 198. What is the greatest common divisor of 68 and b?
68
Suppose -10*d + d = -2673. Calculate the highest common factor of d and 9.
9
Let y(k) = -18*k + 2. Let t be y(-1). Suppose t*m = 18*m + 28. What is the highest common factor of m and 14?
14
Let z be ((-72)/12)/(6/(-16)). Let x = 22 - z. Suppose x*w - 5*w = -2*j + 86, 3*w = -2*j + 254. What is the highest common factor of w and 21?
21
Let c = 1 + -7. Let a be (4 + c)/(1/(-42)). What is the greatest common divisor of 12 and a?
12
Let k = -15 - -6. Let v(x) = x**2 + x + 17. Let q be v(0). Let g = q + k. What is the greatest common factor of g and 80?
8
Let t(p) = p + 5. Let q be t(10). Suppose -12*f - 66 = -q*f. Let r(x) = -79*x - 4. Let v be r(-2). What is the highest common divisor of f and v?
22
Suppose 0 = c + 5*l - 61, -5*c + l + 62 = -113. Calculate the highest common factor of c and 486.
18
Suppose -5*t = -10, 5*t + 34 = 4*q + 2*t. Suppose -2*g + s - 5*s = -q, -22 = -2*g - s. Let x = -2 + g. Calculate the highest common factor of 55 and x.
11
Suppose 8*c = c + 63. Let v(t) = -3 - 4 + 2 + 0*t**2 - t**2 - c*t. Let r be v(-8). What is the greatest common factor of 33 and r?
3
Let y = 54 - 51. Suppose -3*z + 15 = 0, y*a - z - 43 = -3*z. Calculate the greatest common factor of 1 and a.
1
Let a(j) = -j + 28. Suppose -2*g + r + r = -22, 3*g - 40 = -4*r. Let w be a(g). Calculate the highest common divisor of 16 and w.
16
Let u = 24 + -19. Suppose -2*k + 30 = l, -u*k + 75 = -6*l + 2*l. Suppose -5*q + 5 + 20 = 0. Calculate the greatest common factor of q and k.
5
Let y = 271 - 154. Suppose -4*b - 2*l = -42, 4*l = -b - b + 18. Let k(g) = g + 2. Let v be k(b). Calculate the highest common factor of v and y.
13
Suppose 0 = -2*l + 251 - 43. Suppose -5*k = -3*t - 19 + 4, 2*t + 10 = 0. Let y be 2 + k + 1 - -10. What is the highest common factor of l and y?
13
Let f = 21 - 14. Let q be (-98)/(-14)*(0 + 1). What is the greatest common factor of f and q?
7
Let s be -7*((4 - 13) + 4). What is the highest common divisor of 105 and s?
35
Suppose -4*b = -8, 5*x - 5*b = 207 + 508. What is the highest common factor of x and 5?
5
Suppose -u + w - 43 = -0*u, -4*w - 233 = 5*u. Let x be (-12)/(-27) - 250/u. What is the highest common factor of x and 15?
3
Let n be 184 + 2/((-13)/4 - -3). Let x = 46 + -30. What is the highest common factor of x and n?
16
Suppose -x + q + 11 = -0*q, 5*x + 2*q = 20. Let v(r) = -2*r - 10. Let s be v(-7). Let j be s/6 + 25/3. Calculate the highest common factor of x and j.
3
Let b be 3670/10 + 5 + -8. Calculate the highest common factor of b and 14.
14
Let j = 754 - 741. Calculate the greatest common divisor of 52 and j.
13
Let x be (1 - 0 - -12*11)*1. Calculate the highest common divisor of 38 and x.
19
Suppose 4*i = -0*i + 792. Let f(v) = -6*v - 60. Let o be f(-13). What is the greatest common divisor of o and i?
18
Let i = 51 + -17. Let x(j) = 14*j**3 - j**2 - j + 1. Let m be x(1). Suppose 11*n = m*n - 102. What is the highest common divisor of n and i?
17
Let m = 18 + 12. Suppose -x + 33 = -m. Calculate the highest common factor of 9 and x.
9
Let h = -5 + 10. Let z be h*(12/4 - -88). Suppose 3*x = -2*x + z. Calculate the highest common divisor of 13 and x.
13
Let s = -481 - -679. Suppose 75*o = 7*o + 1496. What is the greatest common divisor of o and s?
22
Let p = -2098 - -2107. Let g(j) = 496*j**3 - 2*j**2 + j. Let d be g(1). Suppose -s - 4*s + d = 0. What is the greatest common divisor of p and s?
9
Let h = -241 - -256. Suppose 7*u - i - 527 = 2*u, 4*i = -4*u + 412. What is the greatest common divisor of h and u?
15
Suppose 19 + 54 = 5*t + 4*b, 3*t - 3*b = 33. Suppose 615 = -8*o + t*o. What is the highest common factor of 82 and o?
41
Suppose -103 = -67*z + 366. Calculate the highest common factor of z and 2135.
7
Suppose 2*t - 5*a - 58 = 3*t, 3*t - a + 206 = 0. Let l = 112 - t. Suppose -3 + 1 = -k, 10 = g - 4*k. Calculate the highest common factor of l and g.
18
Let c = -19 - -64. Let p(k) = 2*k**3 - 18*k**2 - 26*k + 75. Let x be p(10). Calculate the greatest common divisor of x and c.
15
Let g(r) = 15*r + 425. Let h be g(-27). Calculate the greatest common divisor of 124 and h.
4
Suppose -2167 = -4*t + 1925. Calculate the highest common divisor of 33 and t.
33
Let p(y) = 9*y**3 + 2*y**2 - 6. Let l be p(2). Let x = 124 - l. Calculate the highest common factor of x and 250.
50
Suppose -505 = 8*o + 95. Let g = o - -79. What is the greatest common divisor of 6 and g?
2
Let c(f) = 26*f + 23. Let w be c(2). What is the highest common divisor of 165 and w?
15
Suppose -4*i = -4*o + 20, -o - 3*i + 4 = -5*i. Calculate the greatest common divisor of o and 2.
2
Suppose 0 = -5*a + 10, -u + a + 34 = 2*a. Let g be 30/(-15) - 4/(-1). Suppose 0 = -4*n + g*n + 4, 5*b + 3*n = 46. What is the highest common divisor of b and u?
8
Suppose -5*a - 79 = 21. Let z = 4 - a. What is the greatest common factor of 168 and z?
24
Let j(a) = 3*a**3 - 13*a**2 + 8*a - 3. Let m be j(4). What is the highest common divisor of 26 and m?
13
Let p = 875 - 818. What is the greatest common divisor of 228 and p?
57
Let b be 102/(-9)*(-3)/(-2). Let v(h) = -h**3 - 17*h**2 - 4*h - 18. Let d be v(b). What is the highest common divisor of 20 and d?
10
Let p(u) = -2*u**2 - u**2 - 3 - 9*u + 0*u + 2*u**2. Let h be p(-8). What is the highest common factor of h and 45?
5
Let k be (-196)/3*6/(-4). Suppose 2*n - q = 3, 5*n + 3*q - q = 3. Let f be (n - 0)*3 - (-11 + 0). Calculate the greatest common divisor of f and k.
14
Let n(p) = 23*p**2 + 1. Let l = 11 - 10. Let d be n(l). What is the highest common factor of d and 84?
12
Let j = 34 + 5. Calculate the highest common factor of 12 and j.
3
Let n be 14/4*2688/784. Calculate the greatest common divisor of 64 and n.
4
Let u = 2558 + -2522. Suppose 263 = 4*n - 0*n + 5*d, -5*n + 355 = d. What is the greatest common factor of u and n?
36
Suppose -4*g + 8 = -2*g, 2*x = g. Calculate the greatest common divisor of 8 and x.
2
Suppose 18 = 2*s - 2. Suppose 2*z - 4185 = -7*z. Suppose 15 = -5*u + z. What is the highest common divisor of u and s?
10
Let y(i) = 0*i**3 + 10*i**3 + 0*i**3 - 3 + 4*i. Let b be y(2). Suppose -4*a - 25 = -x, -13*a + 16*a + 40 = 2*x. Calculate the highest common factor of b and x.
17
Suppose 4*a = 5*j + 273, 3*j - 352 = -5*a + 17. Suppose -745 = -38*y - 61. Calculate the highest common factor of a and y.
18
Let g = -234 + 354. Let w = -15 - -30. What is the greatest common factor of g and w?
15
Let u be -4*(-4)/20 + (-946)/(-5). What is the greatest common divisor of u and 19?
19
Let u(w) = w + 4. Let o be u(-3). Let c(l) = -44*l. Let t be c(o). Let x = t - -70. Calculate the highest common factor of 39 and x.
13
Suppose 40 = t + m, 3*t + 2*t - 188 = -2*m. Let w(o) = o**3 - 4*o**2 - 1. Let b be w(5). Calculate the greatest common divisor of t and b.
12
Let i be 1796/20 + (-8)/10. Suppose 0*p - 3*p = 57. Let m = p + i. What